{"id":264,"date":"2025-05-12T22:01:25","date_gmt":"2025-05-12T20:01:25","guid":{"rendered":"https:\/\/hareva-confort.com\/?page_id=264"},"modified":"2025-08-14T16:56:21","modified_gmt":"2025-08-14T14:56:21","slug":"ballon-thermdynamique","status":"publish","type":"page","link":"https:\/\/hareva-confort.com\/index.php\/nos-services\/energie-renouvelable\/ballon-thermdynamique\/","title":{"rendered":"Ballon thermdynamique"},"content":{"rendered":"\t\t<div data-elementor-type=\"wp-page\" data-elementor-id=\"264\" class=\"elementor elementor-264\">\n\t\t\t\t\t\t<section class=\"elementor-section elementor-top-section elementor-element elementor-element-3be95f71 elementor-section-boxed elementor-section-height-default elementor-section-height-default elementor-invisible\" data-id=\"3be95f71\" data-element_type=\"section\" data-settings=\"{&quot;animation&quot;:&quot;fadeIn&quot;}\">\n\t\t\t\t\t\t\t<div class=\"elementor-background-overlay\"><\/div>\n\t\t\t\t\t\t\t<div class=\"elementor-container elementor-column-gap-default\">\n\t\t\t\t\t<div class=\"elementor-column elementor-col-100 elementor-top-column elementor-element elementor-element-400a692d\" data-id=\"400a692d\" data-element_type=\"column\">\n\t\t\t<div class=\"elementor-widget-wrap elementor-element-populated\">\n\t\t\t\t\t\t<div class=\"elementor-element elementor-element-123c4d elementor-invisible elementor-widget elementor-widget-heading\" data-id=\"123c4d\" data-element_type=\"widget\" data-settings=\"{&quot;_animation&quot;:&quot;fadeIn&quot;}\" data-widget_type=\"heading.default\">\n\t\t\t\t<div class=\"elementor-widget-container\">\n\t\t\t\t\t<h1 class=\"elementor-heading-title elementor-size-default\">Ballon thermodynamique<\/h1>\t\t\t\t<\/div>\n\t\t\t\t<\/div>\n\t\t\t\t<div class=\"elementor-element elementor-element-59c05c67 elementor-widget-divider--view-line elementor-invisible elementor-widget elementor-widget-divider\" data-id=\"59c05c67\" data-element_type=\"widget\" data-settings=\"{&quot;_animation&quot;:&quot;fadeIn&quot;}\" data-widget_type=\"divider.default\">\n\t\t\t\t<div class=\"elementor-widget-container\">\n\t\t\t\t\t\t\t<div class=\"elementor-divider\">\n\t\t\t<span class=\"elementor-divider-separator\">\n\t\t\t\t\t\t<\/span>\n\t\t<\/div>\n\t\t\t\t\t\t<\/div>\n\t\t\t\t<\/div>\n\t\t\t\t<div class=\"elementor-element elementor-element-250c0d89 elementor-widget__width-initial elementor-widget-mobile__width-inherit elementor-invisible elementor-widget elementor-widget-text-editor\" data-id=\"250c0d89\" data-element_type=\"widget\" data-settings=\"{&quot;_animation&quot;:&quot;fadeIn&quot;}\" data-widget_type=\"text-editor.default\">\n\t\t\t\t<div class=\"elementor-widget-container\">\n\t\t\t\t\t\t\t\t\t<p>Solution \u00c9conomique pour Production d&rsquo;Eau Chaude Sanitaire<\/p>\t\t\t\t\t\t\t\t<\/div>\n\t\t\t\t<\/div>\n\t\t\t\t<div class=\"elementor-element elementor-element-595515ed elementor-align-right elementor-widget__width-initial elementor-widget-mobile__width-inherit elementor-invisible elementor-widget elementor-widget-button\" data-id=\"595515ed\" data-element_type=\"widget\" data-settings=\"{&quot;_animation&quot;:&quot;fadeIn&quot;}\" data-widget_type=\"button.default\">\n\t\t\t\t<div class=\"elementor-widget-container\">\n\t\t\t\t\t\t\t\t\t<div class=\"elementor-button-wrapper\">\n\t\t\t\t\t<a class=\"elementor-button elementor-button-link elementor-size-sm\" href=\"https:\/\/hareva-confort.com\/index.php\/realisations\/\">\n\t\t\t\t\t\t<span class=\"elementor-button-content-wrapper\">\n\t\t\t\t\t\t\t\t\t<span class=\"elementor-button-text\">Projets<\/span>\n\t\t\t\t\t<\/span>\n\t\t\t\t\t<\/a>\n\t\t\t\t<\/div>\n\t\t\t\t\t\t\t\t<\/div>\n\t\t\t\t<\/div>\n\t\t\t\t\t<\/div>\n\t\t<\/div>\n\t\t\t\t\t<\/div>\n\t\t<\/section>\n\t\t<div class=\"elementor-element elementor-element-be6c413 e-flex e-con-boxed e-con e-parent\" data-id=\"be6c413\" data-element_type=\"container\">\n\t\t\t\t\t<div class=\"e-con-inner\">\n\t\t\t\t<div class=\"elementor-element elementor-element-16ac1de elementor-widget-divider--view-line elementor-widget elementor-widget-divider\" data-id=\"16ac1de\" data-element_type=\"widget\" data-widget_type=\"divider.default\">\n\t\t\t\t<div class=\"elementor-widget-container\">\n\t\t\t\t\t\t\t<div class=\"elementor-divider\">\n\t\t\t<span class=\"elementor-divider-separator\">\n\t\t\t\t\t\t<\/span>\n\t\t<\/div>\n\t\t\t\t\t\t<\/div>\n\t\t\t\t<\/div>\n\t\t\t\t\t<\/div>\n\t\t\t\t<\/div>\n\t\t<div class=\"elementor-element elementor-element-9c4f3d3 e-flex e-con-boxed e-con e-parent\" data-id=\"9c4f3d3\" data-element_type=\"container\">\n\t\t\t\t\t<div class=\"e-con-inner\">\n\t\t\t\t<div class=\"elementor-element elementor-element-eeda3cc elementor-widget elementor-widget-text-editor\" data-id=\"eeda3cc\" data-element_type=\"widget\" data-widget_type=\"text-editor.default\">\n\t\t\t\t<div class=\"elementor-widget-container\">\n\t\t\t\t\t\t\t\t\t<h3 data-start=\"88\" data-end=\"176\">Le ballon thermodynamique : l\u2019alliance parfaite entre \u00e9conomies, confort et \u00e9cologie<\/h3><p data-start=\"178\" data-end=\"565\">Le ballon thermodynamique est une solution innovante pour produire votre eau chaude sanitaire tout en r\u00e9duisant significativement vos d\u00e9penses \u00e9nerg\u00e9tiques. Gr\u00e2ce \u00e0 une pompe \u00e0 chaleur int\u00e9gr\u00e9e, il capte les calories pr\u00e9sentes dans l\u2019air ambiant pour chauffer votre eau, ce qui vous permet d\u2019\u00e9conomiser jusqu\u2019\u00e0 70 % sur votre facture d\u2019\u00e9lectricit\u00e9 par rapport \u00e0 un chauffe-eau classique.<\/p><p data-start=\"567\" data-end=\"591\"><strong data-start=\"567\" data-end=\"591\">Les avantages cl\u00e9s :<\/strong><\/p><ul data-start=\"593\" data-end=\"1099\"><li data-start=\"593\" data-end=\"696\"><p data-start=\"595\" data-end=\"696\"><strong data-start=\"595\" data-end=\"630\">\u00c9conomies d\u2019\u00e9nergie importantes<\/strong> : consommez beaucoup moins gr\u00e2ce \u00e0 l\u2019\u00e9nergie gratuite de l\u2019air.<\/p><\/li><li data-start=\"697\" data-end=\"802\"><p data-start=\"699\" data-end=\"802\"><strong data-start=\"699\" data-end=\"718\">Confort durable<\/strong> : profitez d\u2019un approvisionnement en eau chaude stable et continu, m\u00eame en hiver.<\/p><\/li><li data-start=\"803\" data-end=\"913\"><p data-start=\"805\" data-end=\"913\"><strong data-start=\"805\" data-end=\"819\">\u00c9cologique<\/strong> : en limitant votre consommation d\u2019\u00e9lectricit\u00e9, vous r\u00e9duisez votre impact environnemental.<\/p><\/li><li data-start=\"914\" data-end=\"1099\"><p data-start=\"916\" data-end=\"1099\"><strong data-start=\"916\" data-end=\"960\">Installation et entretien professionnels<\/strong> : notre \u00e9quipe experte vous accompagne pour une mise en place optimale et un suivi r\u00e9gulier garantissant la long\u00e9vit\u00e9 de votre \u00e9quipement.<\/p><\/li><\/ul><p data-start=\"1101\" data-end=\"1261\">Optez pour un ballon thermodynamique, c\u2019est faire le choix d\u2019une solution \u00e9conomique, respectueuse de l\u2019environnement et parfaitement adapt\u00e9e \u00e0 votre quotidien.<\/p>\t\t\t\t\t\t\t\t<\/div>\n\t\t\t\t<\/div>\n\t\t<div class=\"elementor-element elementor-element-f1c6223 e-grid e-con-full e-con e-child\" data-id=\"f1c6223\" data-element_type=\"container\">\n\t\t\t\t<div class=\"elementor-element elementor-element-62db6ac elementor-widget elementor-widget-image\" data-id=\"62db6ac\" data-element_type=\"widget\" data-widget_type=\"image.default\">\n\t\t\t\t<div class=\"elementor-widget-container\">\n\t\t\t\t\t\t\t\t\t\t\t\t\t\t\t<img fetchpriority=\"high\" decoding=\"async\" width=\"300\" height=\"369\" src=\"https:\/\/hareva-confort.com\/wp-content\/uploads\/2025\/08\/fa0136a7f93706ead591a57a045b5e54.jpg\" class=\"attachment-large size-large wp-image-2355\" alt=\"\" srcset=\"https:\/\/hareva-confort.com\/wp-content\/uploads\/2025\/08\/fa0136a7f93706ead591a57a045b5e54.jpg 300w, https:\/\/hareva-confort.com\/wp-content\/uploads\/2025\/08\/fa0136a7f93706ead591a57a045b5e54-244x300.jpg 244w\" sizes=\"(max-width: 300px) 100vw, 300px\" \/>\t\t\t\t\t\t\t\t\t\t\t\t\t\t\t<\/div>\n\t\t\t\t<\/div>\n\t\t\t\t<div class=\"elementor-element elementor-element-d9cd3e8 elementor-widget elementor-widget-image\" data-id=\"d9cd3e8\" data-element_type=\"widget\" data-widget_type=\"image.default\">\n\t\t\t\t<div class=\"elementor-widget-container\">\n\t\t\t\t\t\t\t\t\t\t\t\t\t\t\t<img decoding=\"async\" width=\"800\" height=\"544\" src=\"https:\/\/hareva-confort.com\/wp-content\/uploads\/2025\/08\/ballon-thermodynamique-1024x696.webp\" class=\"attachment-large size-large wp-image-2222\" alt=\"\" srcset=\"https:\/\/hareva-confort.com\/wp-content\/uploads\/2025\/08\/ballon-thermodynamique-1024x696.webp 1024w, https:\/\/hareva-confort.com\/wp-content\/uploads\/2025\/08\/ballon-thermodynamique-300x204.webp 300w, https:\/\/hareva-confort.com\/wp-content\/uploads\/2025\/08\/ballon-thermodynamique-768x522.webp 768w, https:\/\/hareva-confort.com\/wp-content\/uploads\/2025\/08\/ballon-thermodynamique.webp 1400w\" sizes=\"(max-width: 800px) 100vw, 800px\" \/>\t\t\t\t\t\t\t\t\t\t\t\t\t\t\t<\/div>\n\t\t\t\t<\/div>\n\t\t\t\t<\/div>\n\t\t\t\t\t<\/div>\n\t\t\t\t<\/div>\n\t\t<div class=\"elementor-element elementor-element-b5a492c e-flex e-con-boxed e-con e-parent\" data-id=\"b5a492c\" data-element_type=\"container\">\n\t\t\t\t\t<div class=\"e-con-inner\">\n\t\t\t\t<div class=\"elementor-element elementor-element-533d4fc elementor-widget-divider--view-line elementor-widget elementor-widget-divider\" data-id=\"533d4fc\" data-element_type=\"widget\" data-widget_type=\"divider.default\">\n\t\t\t\t<div class=\"elementor-widget-container\">\n\t\t\t\t\t\t\t<div class=\"elementor-divider\">\n\t\t\t<span class=\"elementor-divider-separator\">\n\t\t\t\t\t\t<\/span>\n\t\t<\/div>\n\t\t\t\t\t\t<\/div>\n\t\t\t\t<\/div>\n\t\t\t\t\t<\/div>\n\t\t\t\t<\/div>\n\t\t\t\t<section class=\"elementor-section elementor-top-section elementor-element elementor-element-b9f50f8 elementor-section-boxed elementor-section-height-default elementor-section-height-default\" data-id=\"b9f50f8\" data-element_type=\"section\">\n\t\t\t\t\t\t<div class=\"elementor-container elementor-column-gap-default\">\n\t\t\t\t\t<div class=\"elementor-column elementor-col-50 elementor-top-column elementor-element elementor-element-a039a18\" data-id=\"a039a18\" data-element_type=\"column\">\n\t\t\t<div class=\"elementor-widget-wrap elementor-element-populated\">\n\t\t\t\t\t\t<div class=\"elementor-element elementor-element-8639b13 elementor-invisible elementor-widget elementor-widget-text-editor\" data-id=\"8639b13\" data-element_type=\"widget\" data-settings=\"{&quot;_animation&quot;:&quot;fadeIn&quot;}\" data-widget_type=\"text-editor.default\">\n\t\t\t\t<div class=\"elementor-widget-container\">\n\t\t\t\t\t\t\t\t\t<section class=\"bg-yellow-50 p-6 rounded-2xl shadow-md my-8\"><div class=\"max-w-3xl mx-auto text-center\"><h2 class=\"text-2xl font-bold text-yellow-700 mb-4\">\ud83d\udca1 Bon \u00e0 savoir<\/h2><p class=\"text-gray-700 mb-6\">Le ballon thermodynamique utilise l\u2019\u00e9nergie de l\u2019air pour chauffer votre eau sanitaire de mani\u00e8re efficace et \u00e9conomique.<\/p><p class=\"text-gray-700 mb-6\">Il r\u00e9duit consid\u00e9rablement votre facture d\u2019eau chaude tout en limitant votre impact environnemental.<\/p><h3 class=\"text-xl font-semibold text-gray-800 mb-2\">\ud83d\udcde Contactez-nous d\u00e8s maintenant !<\/h3><p class=\"text-gray-700 mb-4\">Nos experts vous conseillent sur le mod\u00e8le le plus adapt\u00e9, assurent une installation professionnelle et vous proposent un devis personnalis\u00e9 selon vos besoins.<\/p><\/div><\/section>\t\t\t\t\t\t\t\t<\/div>\n\t\t\t\t<\/div>\n\t\t\t\t<div class=\"elementor-element elementor-element-fb3d1db elementor-align-center elementor-widget__width-auto elementor-widget-mobile__width-auto elementor-invisible elementor-widget elementor-widget-button\" data-id=\"fb3d1db\" data-element_type=\"widget\" data-settings=\"{&quot;_animation&quot;:&quot;fadeIn&quot;}\" data-widget_type=\"button.default\">\n\t\t\t\t<div class=\"elementor-widget-container\">\n\t\t\t\t\t\t\t\t\t<div class=\"elementor-button-wrapper\">\n\t\t\t\t\t<a class=\"elementor-button elementor-button-link elementor-size-sm\" href=\"https:\/\/hareva-confort.com\/index.php\/contact\/\">\n\t\t\t\t\t\t<span class=\"elementor-button-content-wrapper\">\n\t\t\t\t\t\t<span class=\"elementor-button-icon\">\n\t\t\t\t<i aria-hidden=\"true\" class=\"icon icon-phone-call1\"><\/i>\t\t\t<\/span>\n\t\t\t\t\t\t\t\t\t<span class=\"elementor-button-text\">Une question ? Un projet ? Parlons-en !<\/span>\n\t\t\t\t\t<\/span>\n\t\t\t\t\t<\/a>\n\t\t\t\t<\/div>\n\t\t\t\t\t\t\t\t<\/div>\n\t\t\t\t<\/div>\n\t\t\t\t\t<\/div>\n\t\t<\/div>\n\t\t\t\t<div class=\"elementor-column elementor-col-50 elementor-top-column elementor-element elementor-element-743b321\" data-id=\"743b321\" data-element_type=\"column\">\n\t\t\t<div class=\"elementor-widget-wrap elementor-element-populated\">\n\t\t\t\t\t\t<div class=\"elementor-element elementor-element-757bbdf elementor-invisible elementor-widget elementor-widget-image\" data-id=\"757bbdf\" data-element_type=\"widget\" data-settings=\"{&quot;_animation&quot;:&quot;fadeIn&quot;}\" data-widget_type=\"image.default\">\n\t\t\t\t<div class=\"elementor-widget-container\">\n\t\t\t\t\t\t\t\t\t\t\t\t\t\t\t<img decoding=\"async\" width=\"1024\" height=\"768\" src=\"https:\/\/hareva-confort.com\/wp-content\/uploads\/2025\/08\/ballonjpg_6267e6be829f0.jpg\" class=\"attachment-full size-full wp-image-2368\" alt=\"\" srcset=\"https:\/\/hareva-confort.com\/wp-content\/uploads\/2025\/08\/ballonjpg_6267e6be829f0.jpg 1024w, https:\/\/hareva-confort.com\/wp-content\/uploads\/2025\/08\/ballonjpg_6267e6be829f0-300x225.jpg 300w, https:\/\/hareva-confort.com\/wp-content\/uploads\/2025\/08\/ballonjpg_6267e6be829f0-768x576.jpg 768w\" sizes=\"(max-width: 1024px) 100vw, 1024px\" \/>\t\t\t\t\t\t\t\t\t\t\t\t\t\t\t<\/div>\n\t\t\t\t<\/div>\n\t\t\t\t\t<\/div>\n\t\t<\/div>\n\t\t\t\t\t<\/div>\n\t\t<\/section>\n\t\t\t\t<\/div>\n\t\t","protected":false},"excerpt":{"rendered":"<p>Ballon thermodynamique Solution \u00c9conomique pour Production d&rsquo;Eau Chaude Sanitaire Projets Le ballon thermodynamique : l\u2019alliance parfaite entre \u00e9conomies, confort et \u00e9cologie Le ballon thermodynamique est une solution innovante pour produire votre eau chaude sanitaire tout en r\u00e9duisant significativement vos d\u00e9penses \u00e9nerg\u00e9tiques. Gr\u00e2ce \u00e0 une pompe \u00e0 chaleur int\u00e9gr\u00e9e, il capte les calories pr\u00e9sentes dans l\u2019air [&hellip;]<\/p>\n","protected":false},"author":1,"featured_media":0,"parent":240,"menu_order":0,"comment_status":"closed","ping_status":"closed","template":"","meta":{"footnotes":""},"class_list":["post-264","page","type-page","status-publish","hentry"],"yoast_head":"<!-- This site is optimized with the Yoast SEO plugin v26.6 - https:\/\/yoast.com\/wordpress\/plugins\/seo\/ -->\n<title>Ballon thermdynamique - Hareva Confort<\/title>\n<meta name=\"robots\" content=\"index, follow, max-snippet:-1, max-image-preview:large, max-video-preview:-1\" \/>\n<link rel=\"canonical\" href=\"https:\/\/hareva-confort.com\/index.php\/nos-services\/energie-renouvelable\/ballon-thermdynamique\/\" \/>\n<meta property=\"og:locale\" content=\"fr_FR\" \/>\n<meta property=\"og:type\" content=\"article\" \/>\n<meta property=\"og:title\" content=\"Ballon thermdynamique - Hareva Confort\" \/>\n<meta property=\"og:description\" content=\"Ballon thermodynamique Solution \u00c9conomique pour Production d&rsquo;Eau Chaude Sanitaire Projets Le ballon thermodynamique : l\u2019alliance parfaite entre \u00e9conomies, confort et \u00e9cologie Le ballon thermodynamique est une solution innovante pour produire votre eau chaude sanitaire tout en r\u00e9duisant significativement vos d\u00e9penses \u00e9nerg\u00e9tiques. Gr\u00e2ce \u00e0 une pompe \u00e0 chaleur int\u00e9gr\u00e9e, il capte les calories pr\u00e9sentes dans l\u2019air [&hellip;]\" \/>\n<meta property=\"og:url\" content=\"https:\/\/hareva-confort.com\/index.php\/nos-services\/energie-renouvelable\/ballon-thermdynamique\/\" \/>\n<meta property=\"og:site_name\" content=\"Hareva Confort\" \/>\n<meta property=\"article:modified_time\" content=\"2025-08-14T14:56:21+00:00\" \/>\n<meta property=\"og:image\" content=\"https:\/\/hareva-confort.com\/wp-content\/uploads\/2025\/08\/fa0136a7f93706ead591a57a045b5e54.jpg\" \/>\n\t<meta property=\"og:image:width\" content=\"300\" \/>\n\t<meta property=\"og:image:height\" content=\"369\" \/>\n\t<meta property=\"og:image:type\" content=\"image\/jpeg\" \/>\n<meta name=\"twitter:card\" content=\"summary_large_image\" \/>\n<meta name=\"twitter:label1\" content=\"Dur\u00e9e de lecture estim\u00e9e\" \/>\n\t<meta name=\"twitter:data1\" content=\"1 minute\" \/>\n<script type=\"application\/ld+json\" class=\"yoast-schema-graph\">{\"@context\":\"https:\/\/schema.org\",\"@graph\":[{\"@type\":\"WebPage\",\"@id\":\"https:\/\/hareva-confort.com\/index.php\/nos-services\/energie-renouvelable\/ballon-thermdynamique\/\",\"url\":\"https:\/\/hareva-confort.com\/index.php\/nos-services\/energie-renouvelable\/ballon-thermdynamique\/\",\"name\":\"Ballon thermdynamique - Hareva Confort\",\"isPartOf\":{\"@id\":\"https:\/\/hareva-confort.com\/#website\"},\"primaryImageOfPage\":{\"@id\":\"https:\/\/hareva-confort.com\/index.php\/nos-services\/energie-renouvelable\/ballon-thermdynamique\/#primaryimage\"},\"image\":{\"@id\":\"https:\/\/hareva-confort.com\/index.php\/nos-services\/energie-renouvelable\/ballon-thermdynamique\/#primaryimage\"},\"thumbnailUrl\":\"https:\/\/hareva-confort.com\/wp-content\/uploads\/2025\/08\/fa0136a7f93706ead591a57a045b5e54.jpg\",\"datePublished\":\"2025-05-12T20:01:25+00:00\",\"dateModified\":\"2025-08-14T14:56:21+00:00\",\"breadcrumb\":{\"@id\":\"https:\/\/hareva-confort.com\/index.php\/nos-services\/energie-renouvelable\/ballon-thermdynamique\/#breadcrumb\"},\"inLanguage\":\"fr-FR\",\"potentialAction\":[{\"@type\":\"ReadAction\",\"target\":[\"https:\/\/hareva-confort.com\/index.php\/nos-services\/energie-renouvelable\/ballon-thermdynamique\/\"]}]},{\"@type\":\"ImageObject\",\"inLanguage\":\"fr-FR\",\"@id\":\"https:\/\/hareva-confort.com\/index.php\/nos-services\/energie-renouvelable\/ballon-thermdynamique\/#primaryimage\",\"url\":\"https:\/\/hareva-confort.com\/wp-content\/uploads\/2025\/08\/fa0136a7f93706ead591a57a045b5e54.jpg\",\"contentUrl\":\"https:\/\/hareva-confort.com\/wp-content\/uploads\/2025\/08\/fa0136a7f93706ead591a57a045b5e54.jpg\",\"width\":300,\"height\":369},{\"@type\":\"BreadcrumbList\",\"@id\":\"https:\/\/hareva-confort.com\/index.php\/nos-services\/energie-renouvelable\/ballon-thermdynamique\/#breadcrumb\",\"itemListElement\":[{\"@type\":\"ListItem\",\"position\":1,\"name\":\"Accueil\",\"item\":\"https:\/\/hareva-confort.com\/\"},{\"@type\":\"ListItem\",\"position\":2,\"name\":\"Priv\u00e9\u00a0: Nos services\",\"item\":\"https:\/\/hareva-confort.com\/index.php\/nos-services\/\"},{\"@type\":\"ListItem\",\"position\":3,\"name\":\"Energie renouvelable\",\"item\":\"https:\/\/hareva-confort.com\/index.php\/nos-services\/energie-renouvelable\/\"},{\"@type\":\"ListItem\",\"position\":4,\"name\":\"Ballon thermdynamique\"}]},{\"@type\":\"WebSite\",\"@id\":\"https:\/\/hareva-confort.com\/#website\",\"url\":\"https:\/\/hareva-confort.com\/\",\"name\":\"Hareva Confort\",\"description\":\"Vos projets prennent vie!\",\"publisher\":{\"@id\":\"https:\/\/hareva-confort.com\/#organization\"},\"potentialAction\":[{\"@type\":\"SearchAction\",\"target\":{\"@type\":\"EntryPoint\",\"urlTemplate\":\"https:\/\/hareva-confort.com\/?s={search_term_string}\"},\"query-input\":{\"@type\":\"PropertyValueSpecification\",\"valueRequired\":true,\"valueName\":\"search_term_string\"}}],\"inLanguage\":\"fr-FR\"},{\"@type\":\"Organization\",\"@id\":\"https:\/\/hareva-confort.com\/#organization\",\"name\":\"Hareva Confort\",\"url\":\"https:\/\/hareva-confort.com\/\",\"logo\":{\"@type\":\"ImageObject\",\"inLanguage\":\"fr-FR\",\"@id\":\"https:\/\/hareva-confort.com\/#\/schema\/logo\/image\/\",\"url\":\"https:\/\/hareva-confort.com\/wp-content\/uploads\/2025\/05\/logo_hareva_-removebg-preview.png\",\"contentUrl\":\"https:\/\/hareva-confort.com\/wp-content\/uploads\/2025\/05\/logo_hareva_-removebg-preview.png\",\"width\":185,\"height\":94,\"caption\":\"Hareva Confort\"},\"image\":{\"@id\":\"https:\/\/hareva-confort.com\/#\/schema\/logo\/image\/\"}}]}<\/script>\n<!-- \/ Yoast SEO plugin. -->","yoast_head_json":{"title":"Ballon thermdynamique - Hareva Confort","robots":{"index":"index","follow":"follow","max-snippet":"max-snippet:-1","max-image-preview":"max-image-preview:large","max-video-preview":"max-video-preview:-1"},"canonical":"https:\/\/hareva-confort.com\/index.php\/nos-services\/energie-renouvelable\/ballon-thermdynamique\/","og_locale":"fr_FR","og_type":"article","og_title":"Ballon thermdynamique - Hareva Confort","og_description":"Ballon thermodynamique Solution \u00c9conomique pour Production d&rsquo;Eau Chaude Sanitaire Projets Le ballon thermodynamique : l\u2019alliance parfaite entre \u00e9conomies, confort et \u00e9cologie Le ballon thermodynamique est une solution innovante pour produire votre eau chaude sanitaire tout en r\u00e9duisant significativement vos d\u00e9penses \u00e9nerg\u00e9tiques. Gr\u00e2ce \u00e0 une pompe \u00e0 chaleur int\u00e9gr\u00e9e, il capte les calories pr\u00e9sentes dans l\u2019air [&hellip;]","og_url":"https:\/\/hareva-confort.com\/index.php\/nos-services\/energie-renouvelable\/ballon-thermdynamique\/","og_site_name":"Hareva Confort","article_modified_time":"2025-08-14T14:56:21+00:00","og_image":[{"width":300,"height":369,"url":"https:\/\/hareva-confort.com\/wp-content\/uploads\/2025\/08\/fa0136a7f93706ead591a57a045b5e54.jpg","type":"image\/jpeg"}],"twitter_card":"summary_large_image","twitter_misc":{"Dur\u00e9e de lecture estim\u00e9e":"1 minute"},"schema":{"@context":"https:\/\/schema.org","@graph":[{"@type":"WebPage","@id":"https:\/\/hareva-confort.com\/index.php\/nos-services\/energie-renouvelable\/ballon-thermdynamique\/","url":"https:\/\/hareva-confort.com\/index.php\/nos-services\/energie-renouvelable\/ballon-thermdynamique\/","name":"Ballon thermdynamique - Hareva Confort","isPartOf":{"@id":"https:\/\/hareva-confort.com\/#website"},"primaryImageOfPage":{"@id":"https:\/\/hareva-confort.com\/index.php\/nos-services\/energie-renouvelable\/ballon-thermdynamique\/#primaryimage"},"image":{"@id":"https:\/\/hareva-confort.com\/index.php\/nos-services\/energie-renouvelable\/ballon-thermdynamique\/#primaryimage"},"thumbnailUrl":"https:\/\/hareva-confort.com\/wp-content\/uploads\/2025\/08\/fa0136a7f93706ead591a57a045b5e54.jpg","datePublished":"2025-05-12T20:01:25+00:00","dateModified":"2025-08-14T14:56:21+00:00","breadcrumb":{"@id":"https:\/\/hareva-confort.com\/index.php\/nos-services\/energie-renouvelable\/ballon-thermdynamique\/#breadcrumb"},"inLanguage":"fr-FR","potentialAction":[{"@type":"ReadAction","target":["https:\/\/hareva-confort.com\/index.php\/nos-services\/energie-renouvelable\/ballon-thermdynamique\/"]}]},{"@type":"ImageObject","inLanguage":"fr-FR","@id":"https:\/\/hareva-confort.com\/index.php\/nos-services\/energie-renouvelable\/ballon-thermdynamique\/#primaryimage","url":"https:\/\/hareva-confort.com\/wp-content\/uploads\/2025\/08\/fa0136a7f93706ead591a57a045b5e54.jpg","contentUrl":"https:\/\/hareva-confort.com\/wp-content\/uploads\/2025\/08\/fa0136a7f93706ead591a57a045b5e54.jpg","width":300,"height":369},{"@type":"BreadcrumbList","@id":"https:\/\/hareva-confort.com\/index.php\/nos-services\/energie-renouvelable\/ballon-thermdynamique\/#breadcrumb","itemListElement":[{"@type":"ListItem","position":1,"name":"Accueil","item":"https:\/\/hareva-confort.com\/"},{"@type":"ListItem","position":2,"name":"Priv\u00e9\u00a0: Nos services","item":"https:\/\/hareva-confort.com\/index.php\/nos-services\/"},{"@type":"ListItem","position":3,"name":"Energie renouvelable","item":"https:\/\/hareva-confort.com\/index.php\/nos-services\/energie-renouvelable\/"},{"@type":"ListItem","position":4,"name":"Ballon thermdynamique"}]},{"@type":"WebSite","@id":"https:\/\/hareva-confort.com\/#website","url":"https:\/\/hareva-confort.com\/","name":"Hareva Confort","description":"Vos projets prennent vie!","publisher":{"@id":"https:\/\/hareva-confort.com\/#organization"},"potentialAction":[{"@type":"SearchAction","target":{"@type":"EntryPoint","urlTemplate":"https:\/\/hareva-confort.com\/?s={search_term_string}"},"query-input":{"@type":"PropertyValueSpecification","valueRequired":true,"valueName":"search_term_string"}}],"inLanguage":"fr-FR"},{"@type":"Organization","@id":"https:\/\/hareva-confort.com\/#organization","name":"Hareva Confort","url":"https:\/\/hareva-confort.com\/","logo":{"@type":"ImageObject","inLanguage":"fr-FR","@id":"https:\/\/hareva-confort.com\/#\/schema\/logo\/image\/","url":"https:\/\/hareva-confort.com\/wp-content\/uploads\/2025\/05\/logo_hareva_-removebg-preview.png","contentUrl":"https:\/\/hareva-confort.com\/wp-content\/uploads\/2025\/05\/logo_hareva_-removebg-preview.png","width":185,"height":94,"caption":"Hareva Confort"},"image":{"@id":"https:\/\/hareva-confort.com\/#\/schema\/logo\/image\/"}}]}},"_links":{"self":[{"href":"https:\/\/hareva-confort.com\/index.php\/wp-json\/wp\/v2\/pages\/264","targetHints":{"allow":["GET"]}}],"collection":[{"href":"https:\/\/hareva-confort.com\/index.php\/wp-json\/wp\/v2\/pages"}],"about":[{"href":"https:\/\/hareva-confort.com\/index.php\/wp-json\/wp\/v2\/types\/page"}],"author":[{"embeddable":true,"href":"https:\/\/hareva-confort.com\/index.php\/wp-json\/wp\/v2\/users\/1"}],"replies":[{"embeddable":true,"href":"https:\/\/hareva-confort.com\/index.php\/wp-json\/wp\/v2\/comments?post=264"}],"version-history":[{"count":0,"href":"https:\/\/hareva-confort.com\/index.php\/wp-json\/wp\/v2\/pages\/264\/revisions"}],"up":[{"embeddable":true,"href":"https:\/\/hareva-confort.com\/index.php\/wp-json\/wp\/v2\/pages\/240"}],"wp:attachment":[{"href":"https:\/\/hareva-confort.com\/index.php\/wp-json\/wp\/v2\/media?parent=264"}],"curies":[{"name":"wp","href":"https:\/\/api.w.org\/{rel}","templated":true}]}}