{"id":3263,"date":"2025-09-15T18:21:42","date_gmt":"2025-09-15T16:21:42","guid":{"rendered":"https:\/\/hareva-confort.com\/?page_id=3263"},"modified":"2025-10-28T16:15:25","modified_gmt":"2025-10-28T15:15:25","slug":"cache-moineaux","status":"publish","type":"page","link":"https:\/\/hareva-confort.com\/index.php\/nos-services\/toiture\/cache-moineaux\/","title":{"rendered":"Cache-Moineaux"},"content":{"rendered":"\t\t<div data-elementor-type=\"wp-page\" data-elementor-id=\"3263\" class=\"elementor elementor-3263\">\n\t\t\t\t\t\t<section class=\"elementor-section elementor-top-section elementor-element elementor-element-50081976 elementor-section-boxed elementor-section-height-default elementor-section-height-default elementor-invisible\" data-id=\"50081976\" data-element_type=\"section\" data-settings=\"{&quot;background_background&quot;:&quot;classic&quot;,&quot;animation&quot;:&quot;fadeIn&quot;}\">\n\t\t\t\t\t\t\t<div class=\"elementor-background-overlay\"><\/div>\n\t\t\t\t\t\t\t<div class=\"elementor-container elementor-column-gap-default\">\n\t\t\t\t\t<div class=\"elementor-column elementor-col-100 elementor-top-column elementor-element elementor-element-1ba120c\" data-id=\"1ba120c\" data-element_type=\"column\">\n\t\t\t<div class=\"elementor-widget-wrap elementor-element-populated\">\n\t\t\t\t\t\t<div class=\"elementor-element elementor-element-5fbf8cd elementor-invisible elementor-widget elementor-widget-heading\" data-id=\"5fbf8cd\" data-element_type=\"widget\" data-settings=\"{&quot;_animation&quot;:&quot;fadeIn&quot;}\" data-widget_type=\"heading.default\">\n\t\t\t\t<div class=\"elementor-widget-container\">\n\t\t\t\t\t<h1 class=\"elementor-heading-title elementor-size-default\">Les Caches-Moineaux <\/h1>\t\t\t\t<\/div>\n\t\t\t\t<\/div>\n\t\t\t\t<div class=\"elementor-element elementor-element-d203652 elementor-widget-divider--view-line elementor-invisible elementor-widget elementor-widget-divider\" data-id=\"d203652\" data-element_type=\"widget\" data-settings=\"{&quot;_animation&quot;:&quot;fadeIn&quot;}\" data-widget_type=\"divider.default\">\n\t\t\t\t<div class=\"elementor-widget-container\">\n\t\t\t\t\t\t\t<div class=\"elementor-divider\">\n\t\t\t<span class=\"elementor-divider-separator\">\n\t\t\t\t\t\t<\/span>\n\t\t<\/div>\n\t\t\t\t\t\t<\/div>\n\t\t\t\t<\/div>\n\t\t\t\t<div class=\"elementor-element elementor-element-93aa223 elementor-widget__width-initial elementor-widget-mobile__width-inherit elementor-invisible elementor-widget elementor-widget-text-editor\" data-id=\"93aa223\" data-element_type=\"widget\" data-settings=\"{&quot;_animation&quot;:&quot;fadeIn&quot;}\" data-widget_type=\"text-editor.default\">\n\t\t\t\t<div class=\"elementor-widget-container\">\n\t\t\t\t\t\t\t\t\t<p><strong>Les caches-moineaux : protection et finition esth\u00e9tique<\/strong><\/p>\t\t\t\t\t\t\t\t<\/div>\n\t\t\t\t<\/div>\n\t\t\t\t<div class=\"elementor-element elementor-element-9a537db elementor-align-right elementor-widget__width-initial elementor-widget-mobile__width-inherit elementor-invisible elementor-widget elementor-widget-button\" data-id=\"9a537db\" data-element_type=\"widget\" data-settings=\"{&quot;_animation&quot;:&quot;fadeIn&quot;}\" data-widget_type=\"button.default\">\n\t\t\t\t<div class=\"elementor-widget-container\">\n\t\t\t\t\t\t\t\t\t<div class=\"elementor-button-wrapper\">\n\t\t\t\t\t<a class=\"elementor-button elementor-button-link elementor-size-sm\" href=\"https:\/\/hareva-confort.com\/index.php\/realisations\/\">\n\t\t\t\t\t\t<span class=\"elementor-button-content-wrapper\">\n\t\t\t\t\t\t\t\t\t<span class=\"elementor-button-text\">Projets<\/span>\n\t\t\t\t\t<\/span>\n\t\t\t\t\t<\/a>\n\t\t\t\t<\/div>\n\t\t\t\t\t\t\t\t<\/div>\n\t\t\t\t<\/div>\n\t\t\t\t\t<\/div>\n\t\t<\/div>\n\t\t\t\t\t<\/div>\n\t\t<\/section>\n\t\t<div class=\"elementor-element elementor-element-38628db e-flex e-con-boxed e-con e-parent\" data-id=\"38628db\" data-element_type=\"container\">\n\t\t\t\t\t<div class=\"e-con-inner\">\n\t\t\t\t<div class=\"elementor-element elementor-element-a2a4a79 elementor-widget-divider--view-line elementor-widget elementor-widget-divider\" data-id=\"a2a4a79\" data-element_type=\"widget\" data-widget_type=\"divider.default\">\n\t\t\t\t<div class=\"elementor-widget-container\">\n\t\t\t\t\t\t\t<div class=\"elementor-divider\">\n\t\t\t<span class=\"elementor-divider-separator\">\n\t\t\t\t\t\t<\/span>\n\t\t<\/div>\n\t\t\t\t\t\t<\/div>\n\t\t\t\t<\/div>\n\t\t<div class=\"elementor-element elementor-element-1183a68 e-con-full e-flex e-con e-child\" data-id=\"1183a68\" data-element_type=\"container\">\n\t\t\t\t<div class=\"elementor-element elementor-element-d666455 elementor-widget elementor-widget-text-editor\" data-id=\"d666455\" data-element_type=\"widget\" data-widget_type=\"text-editor.default\">\n\t\t\t\t<div class=\"elementor-widget-container\">\n\t\t\t\t\t\t\t\t\t<ul><li style=\"list-style-type: none;\"><p>Le cache-moineau est un \u00e9l\u00e9ment indispensable pour assurer la durabilit\u00e9 et la bonne sant\u00e9 de votre toiture. Plac\u00e9 sous les d\u00e9bords de toit, il emp\u00eache l\u2019intrusion des oiseaux, insectes et rongeurs dans la charpente, tout en assurant une ventilation optimale de votre couverture.<\/p><p>Au-del\u00e0 de son r\u00f4le de protection, le cache-moineau apporte \u00e9galement une <strong>finition nette et esth\u00e9tique<\/strong> \u00e0 votre toit, en masquant les espaces vides sous les tuiles ou sous la toiture. Disponible en diff\u00e9rents mat\u00e9riaux et coloris, il s\u2019adapte parfaitement \u00e0 tous les styles de construction.<\/p><p>\u00a0<\/p><\/li><\/ul>\t\t\t\t\t\t\t\t<\/div>\n\t\t\t\t<\/div>\n\t\t\t\t<div class=\"elementor-element elementor-element-f3ee526 elementor-widget-divider--view-line elementor-widget elementor-widget-divider\" data-id=\"f3ee526\" data-element_type=\"widget\" data-widget_type=\"divider.default\">\n\t\t\t\t<div class=\"elementor-widget-container\">\n\t\t\t\t\t\t\t<div class=\"elementor-divider\">\n\t\t\t<span class=\"elementor-divider-separator\">\n\t\t\t\t\t\t<\/span>\n\t\t<\/div>\n\t\t\t\t\t\t<\/div>\n\t\t\t\t<\/div>\n\t\t\t\t<div class=\"elementor-element elementor-element-b5345f2 elementor-widget elementor-widget-text-editor\" data-id=\"b5345f2\" data-element_type=\"widget\" data-widget_type=\"text-editor.default\">\n\t\t\t\t<div class=\"elementor-widget-container\">\n\t\t\t\t\t\t\t\t\t<h3>Les avantages d\u2019un cache-moineau\u00a0<\/h3><p>\u2705 <strong>Protection durable<\/strong> contre les nuisibles (oiseaux, gu\u00eapes, rongeurs\u2026)<\/p><p>\u2705 <strong>Pr\u00e9servation de la toiture<\/strong> en \u00e9vitant les d\u00e9gradations et infiltrations<\/p><p>\u2705 <strong>Ventilation contr\u00f4l\u00e9e<\/strong> pour limiter l\u2019humidit\u00e9 et prolonger la vie de la charpente<\/p><p>\u2705 <strong>Esth\u00e9tique soign\u00e9e<\/strong> qui apporte une finition harmonieuse \u00e0 votre maison<\/p><ul><li style=\"list-style-type: none;\"><p>En r\u00e9sum\u00e9, installer un cache-moineau, c\u2019est faire le choix de la tranquillit\u00e9 et d\u2019une toiture prot\u00e9g\u00e9e sur le long terme.<\/p><\/li><\/ul>\t\t\t\t\t\t\t\t<\/div>\n\t\t\t\t<\/div>\n\t\t\t\t<\/div>\n\t\t<div class=\"elementor-element elementor-element-8c6a1ca e-con-full e-flex e-con e-child\" data-id=\"8c6a1ca\" data-element_type=\"container\">\n\t\t\t\t<div class=\"elementor-element elementor-element-433e92c elementor-widget elementor-widget-image\" data-id=\"433e92c\" data-element_type=\"widget\" data-widget_type=\"image.default\">\n\t\t\t\t<div class=\"elementor-widget-container\">\n\t\t\t\t\t\t\t\t\t\t\t\t\t\t\t<img decoding=\"async\" src=\"https:\/\/hareva-confort.com\/wp-content\/uploads\/elementor\/thumbs\/cache-moineaux-2-rbsv8lw9zpbvcu6zyvhhialqv1vl9tg2srq0qf27f8.jpg\" title=\"cache-moineaux\" alt=\"cache-moineaux\" loading=\"lazy\" \/>\t\t\t\t\t\t\t\t\t\t\t\t\t\t\t<\/div>\n\t\t\t\t<\/div>\n\t\t\t\t<div class=\"elementor-element elementor-element-3cb459e elementor-widget-divider--view-line elementor-widget elementor-widget-divider\" data-id=\"3cb459e\" data-element_type=\"widget\" data-widget_type=\"divider.default\">\n\t\t\t\t<div class=\"elementor-widget-container\">\n\t\t\t\t\t\t\t<div class=\"elementor-divider\">\n\t\t\t<span class=\"elementor-divider-separator\">\n\t\t\t\t\t\t<\/span>\n\t\t<\/div>\n\t\t\t\t\t\t<\/div>\n\t\t\t\t<\/div>\n\t\t\t\t<\/div>\n\t\t\t\t\t<\/div>\n\t\t\t\t<\/div>\n\t\t\t\t<section class=\"elementor-section elementor-top-section elementor-element elementor-element-636a2eb elementor-section-boxed elementor-section-height-default elementor-section-height-default\" data-id=\"636a2eb\" data-element_type=\"section\">\n\t\t\t\t\t\t<div class=\"elementor-container elementor-column-gap-default\">\n\t\t\t\t\t<div class=\"elementor-column elementor-col-50 elementor-top-column elementor-element elementor-element-9ddd173\" data-id=\"9ddd173\" data-element_type=\"column\">\n\t\t\t<div class=\"elementor-widget-wrap elementor-element-populated\">\n\t\t\t\t\t\t<div class=\"elementor-element elementor-element-a429a6b elementor-invisible elementor-widget elementor-widget-text-editor\" data-id=\"a429a6b\" data-element_type=\"widget\" data-settings=\"{&quot;_animation&quot;:&quot;fadeIn&quot;}\" data-widget_type=\"text-editor.default\">\n\t\t\t\t<div class=\"elementor-widget-container\">\n\t\t\t\t\t\t\t\t\t<section class=\"bg-yellow-50 p-6 rounded-2xl shadow-md my-8\"><div class=\"max-w-3xl mx-auto text-center\"><h2 class=\"text-2xl font-bold text-yellow-700 mb-4\">\ud83d\udca1 Bon \u00e0 savoir<\/h2><p>Des caches-moineaux bien pos\u00e9s emp\u00eachent l\u2019intrusion des oiseaux et nuisibles sous votre toiture, tout en garantissant une ventilation optimale de la charpente.<\/p><p>Leur installation assure \u00e0 la fois la protection et l\u2019esth\u00e9tique de votre maison, pour une toiture durable et soign\u00e9e.<\/p><h3 class=\"text-xl font-semibold text-gray-800 mb-2\">\ud83d\udcde Contactez-nous d\u00e8s maintenant !<\/h3><p>Nos sp\u00e9cialistes assurent la pose et le remplacement de vos caches-moineaux, avec des solutions adapt\u00e9es \u00e0 votre toiture. Un devis personnalis\u00e9 vous est propos\u00e9 pour r\u00e9pondre pr\u00e9cis\u00e9ment \u00e0 vos besoins.<\/p><p class=\"text-gray-700 mb-4\"><a class=\"inline-block bg-yellow-600 text-white font-semibold px-6 py-3 rounded-xl hover:bg-yellow-700 transition\" href=\"\/contact\">\u00a0<\/a><\/p><\/div><\/section>\t\t\t\t\t\t\t\t<\/div>\n\t\t\t\t<\/div>\n\t\t\t\t<div class=\"elementor-element elementor-element-6c61b6a elementor-align-center elementor-widget__width-auto elementor-widget-mobile__width-auto elementor-invisible elementor-widget elementor-widget-button\" data-id=\"6c61b6a\" data-element_type=\"widget\" data-settings=\"{&quot;_animation&quot;:&quot;fadeIn&quot;}\" data-widget_type=\"button.default\">\n\t\t\t\t<div class=\"elementor-widget-container\">\n\t\t\t\t\t\t\t\t\t<div class=\"elementor-button-wrapper\">\n\t\t\t\t\t<a class=\"elementor-button elementor-button-link elementor-size-sm\" href=\"https:\/\/hareva-confort.com\/index.php\/contact\/\">\n\t\t\t\t\t\t<span class=\"elementor-button-content-wrapper\">\n\t\t\t\t\t\t<span class=\"elementor-button-icon\">\n\t\t\t\t<i aria-hidden=\"true\" class=\"icon icon-phone-call1\"><\/i>\t\t\t<\/span>\n\t\t\t\t\t\t\t\t\t<span class=\"elementor-button-text\">Une question ? Un projet ? Parlons-en !<\/span>\n\t\t\t\t\t<\/span>\n\t\t\t\t\t<\/a>\n\t\t\t\t<\/div>\n\t\t\t\t\t\t\t\t<\/div>\n\t\t\t\t<\/div>\n\t\t\t\t\t<\/div>\n\t\t<\/div>\n\t\t\t\t<div class=\"elementor-column elementor-col-50 elementor-top-column elementor-element elementor-element-4855b10\" data-id=\"4855b10\" data-element_type=\"column\">\n\t\t\t<div class=\"elementor-widget-wrap elementor-element-populated\">\n\t\t\t\t\t\t<div class=\"elementor-element elementor-element-ee81559 elementor-invisible elementor-widget elementor-widget-image\" data-id=\"ee81559\" data-element_type=\"widget\" data-settings=\"{&quot;_animation&quot;:&quot;fadeIn&quot;}\" data-widget_type=\"image.default\">\n\t\t\t\t<div class=\"elementor-widget-container\">\n\t\t\t\t\t\t\t\t\t\t\t\t\t\t\t<img fetchpriority=\"high\" decoding=\"async\" width=\"1536\" height=\"1024\" src=\"https:\/\/hareva-confort.com\/wp-content\/uploads\/2025\/10\/ChatGPT-Image-28-oct.-2025-16_14_39.png\" class=\"attachment-2048x2048 size-2048x2048 wp-image-3312\" alt=\"\" srcset=\"https:\/\/hareva-confort.com\/wp-content\/uploads\/2025\/10\/ChatGPT-Image-28-oct.-2025-16_14_39.png 1536w, https:\/\/hareva-confort.com\/wp-content\/uploads\/2025\/10\/ChatGPT-Image-28-oct.-2025-16_14_39-300x200.png 300w, https:\/\/hareva-confort.com\/wp-content\/uploads\/2025\/10\/ChatGPT-Image-28-oct.-2025-16_14_39-1024x683.png 1024w, https:\/\/hareva-confort.com\/wp-content\/uploads\/2025\/10\/ChatGPT-Image-28-oct.-2025-16_14_39-768x512.png 768w\" sizes=\"(max-width: 1536px) 100vw, 1536px\" \/>\t\t\t\t\t\t\t\t\t\t\t\t\t\t\t<\/div>\n\t\t\t\t<\/div>\n\t\t\t\t\t<\/div>\n\t\t<\/div>\n\t\t\t\t\t<\/div>\n\t\t<\/section>\n\t\t\t\t<\/div>\n\t\t","protected":false},"excerpt":{"rendered":"<p>Les Caches-Moineaux Les caches-moineaux : protection et finition esth\u00e9tique Projets Le cache-moineau est un \u00e9l\u00e9ment indispensable pour assurer la durabilit\u00e9 et la bonne sant\u00e9 de votre toiture. Plac\u00e9 sous les d\u00e9bords de toit, il emp\u00eache l\u2019intrusion des oiseaux, insectes et rongeurs dans la charpente, tout en assurant une ventilation optimale de votre couverture. Au-del\u00e0 de [&hellip;]<\/p>\n","protected":false},"author":1,"featured_media":0,"parent":456,"menu_order":0,"comment_status":"closed","ping_status":"closed","template":"","meta":{"footnotes":""},"class_list":["post-3263","page","type-page","status-publish","hentry"],"yoast_head":"<!-- This site is optimized with the Yoast SEO plugin v26.6 - https:\/\/yoast.com\/wordpress\/plugins\/seo\/ -->\n<title>Cache-Moineaux - Hareva Confort<\/title>\n<meta name=\"robots\" content=\"index, follow, max-snippet:-1, max-image-preview:large, max-video-preview:-1\" \/>\n<link rel=\"canonical\" href=\"https:\/\/hareva-confort.com\/index.php\/nos-services\/toiture\/cache-moineaux\/\" \/>\n<meta property=\"og:locale\" content=\"fr_FR\" \/>\n<meta property=\"og:type\" content=\"article\" \/>\n<meta property=\"og:title\" content=\"Cache-Moineaux - Hareva Confort\" \/>\n<meta property=\"og:description\" content=\"Les Caches-Moineaux Les caches-moineaux : protection et finition esth\u00e9tique Projets Le cache-moineau est un \u00e9l\u00e9ment indispensable pour assurer la durabilit\u00e9 et la bonne sant\u00e9 de votre toiture. Plac\u00e9 sous les d\u00e9bords de toit, il emp\u00eache l\u2019intrusion des oiseaux, insectes et rongeurs dans la charpente, tout en assurant une ventilation optimale de votre couverture. Au-del\u00e0 de [&hellip;]\" \/>\n<meta property=\"og:url\" content=\"https:\/\/hareva-confort.com\/index.php\/nos-services\/toiture\/cache-moineaux\/\" \/>\n<meta property=\"og:site_name\" content=\"Hareva Confort\" \/>\n<meta property=\"article:modified_time\" content=\"2025-10-28T15:15:25+00:00\" \/>\n<meta property=\"og:image\" content=\"https:\/\/hareva-confort.com\/wp-content\/uploads\/elementor\/thumbs\/cache-moineaux-2-rbsv8lw9zpbvcu6zyvhhialqv1vl9tg2srq0qf27f8.jpg\" \/>\n<meta name=\"twitter:card\" content=\"summary_large_image\" \/>\n<meta name=\"twitter:label1\" content=\"Dur\u00e9e de lecture estim\u00e9e\" \/>\n\t<meta name=\"twitter:data1\" content=\"1 minute\" \/>\n<script type=\"application\/ld+json\" class=\"yoast-schema-graph\">{\"@context\":\"https:\/\/schema.org\",\"@graph\":[{\"@type\":\"WebPage\",\"@id\":\"https:\/\/hareva-confort.com\/index.php\/nos-services\/toiture\/cache-moineaux\/\",\"url\":\"https:\/\/hareva-confort.com\/index.php\/nos-services\/toiture\/cache-moineaux\/\",\"name\":\"Cache-Moineaux - Hareva Confort\",\"isPartOf\":{\"@id\":\"https:\/\/hareva-confort.com\/#website\"},\"primaryImageOfPage\":{\"@id\":\"https:\/\/hareva-confort.com\/index.php\/nos-services\/toiture\/cache-moineaux\/#primaryimage\"},\"image\":{\"@id\":\"https:\/\/hareva-confort.com\/index.php\/nos-services\/toiture\/cache-moineaux\/#primaryimage\"},\"thumbnailUrl\":\"https:\/\/hareva-confort.com\/wp-content\/uploads\/elementor\/thumbs\/cache-moineaux-2-rbsv8lw9zpbvcu6zyvhhialqv1vl9tg2srq0qf27f8.jpg\",\"datePublished\":\"2025-09-15T16:21:42+00:00\",\"dateModified\":\"2025-10-28T15:15:25+00:00\",\"breadcrumb\":{\"@id\":\"https:\/\/hareva-confort.com\/index.php\/nos-services\/toiture\/cache-moineaux\/#breadcrumb\"},\"inLanguage\":\"fr-FR\",\"potentialAction\":[{\"@type\":\"ReadAction\",\"target\":[\"https:\/\/hareva-confort.com\/index.php\/nos-services\/toiture\/cache-moineaux\/\"]}]},{\"@type\":\"ImageObject\",\"inLanguage\":\"fr-FR\",\"@id\":\"https:\/\/hareva-confort.com\/index.php\/nos-services\/toiture\/cache-moineaux\/#primaryimage\",\"url\":\"https:\/\/hareva-confort.com\/wp-content\/uploads\/elementor\/thumbs\/cache-moineaux-2-rbsv8lw9zpbvcu6zyvhhialqv1vl9tg2srq0qf27f8.jpg\",\"contentUrl\":\"https:\/\/hareva-confort.com\/wp-content\/uploads\/elementor\/thumbs\/cache-moineaux-2-rbsv8lw9zpbvcu6zyvhhialqv1vl9tg2srq0qf27f8.jpg\"},{\"@type\":\"BreadcrumbList\",\"@id\":\"https:\/\/hareva-confort.com\/index.php\/nos-services\/toiture\/cache-moineaux\/#breadcrumb\",\"itemListElement\":[{\"@type\":\"ListItem\",\"position\":1,\"name\":\"Accueil\",\"item\":\"https:\/\/hareva-confort.com\/\"},{\"@type\":\"ListItem\",\"position\":2,\"name\":\"Priv\u00e9\u00a0: Nos services\",\"item\":\"https:\/\/hareva-confort.com\/index.php\/nos-services\/\"},{\"@type\":\"ListItem\",\"position\":3,\"name\":\"Toiture\",\"item\":\"https:\/\/hareva-confort.com\/index.php\/nos-services\/toiture\/\"},{\"@type\":\"ListItem\",\"position\":4,\"name\":\"Cache-Moineaux\"}]},{\"@type\":\"WebSite\",\"@id\":\"https:\/\/hareva-confort.com\/#website\",\"url\":\"https:\/\/hareva-confort.com\/\",\"name\":\"Hareva Confort\",\"description\":\"Vos projets prennent vie!\",\"publisher\":{\"@id\":\"https:\/\/hareva-confort.com\/#organization\"},\"potentialAction\":[{\"@type\":\"SearchAction\",\"target\":{\"@type\":\"EntryPoint\",\"urlTemplate\":\"https:\/\/hareva-confort.com\/?s={search_term_string}\"},\"query-input\":{\"@type\":\"PropertyValueSpecification\",\"valueRequired\":true,\"valueName\":\"search_term_string\"}}],\"inLanguage\":\"fr-FR\"},{\"@type\":\"Organization\",\"@id\":\"https:\/\/hareva-confort.com\/#organization\",\"name\":\"Hareva Confort\",\"url\":\"https:\/\/hareva-confort.com\/\",\"logo\":{\"@type\":\"ImageObject\",\"inLanguage\":\"fr-FR\",\"@id\":\"https:\/\/hareva-confort.com\/#\/schema\/logo\/image\/\",\"url\":\"https:\/\/hareva-confort.com\/wp-content\/uploads\/2025\/05\/logo_hareva_-removebg-preview.png\",\"contentUrl\":\"https:\/\/hareva-confort.com\/wp-content\/uploads\/2025\/05\/logo_hareva_-removebg-preview.png\",\"width\":185,\"height\":94,\"caption\":\"Hareva Confort\"},\"image\":{\"@id\":\"https:\/\/hareva-confort.com\/#\/schema\/logo\/image\/\"}}]}<\/script>\n<!-- \/ Yoast SEO plugin. -->","yoast_head_json":{"title":"Cache-Moineaux - Hareva Confort","robots":{"index":"index","follow":"follow","max-snippet":"max-snippet:-1","max-image-preview":"max-image-preview:large","max-video-preview":"max-video-preview:-1"},"canonical":"https:\/\/hareva-confort.com\/index.php\/nos-services\/toiture\/cache-moineaux\/","og_locale":"fr_FR","og_type":"article","og_title":"Cache-Moineaux - Hareva Confort","og_description":"Les Caches-Moineaux Les caches-moineaux : protection et finition esth\u00e9tique Projets Le cache-moineau est un \u00e9l\u00e9ment indispensable pour assurer la durabilit\u00e9 et la bonne sant\u00e9 de votre toiture. Plac\u00e9 sous les d\u00e9bords de toit, il emp\u00eache l\u2019intrusion des oiseaux, insectes et rongeurs dans la charpente, tout en assurant une ventilation optimale de votre couverture. Au-del\u00e0 de [&hellip;]","og_url":"https:\/\/hareva-confort.com\/index.php\/nos-services\/toiture\/cache-moineaux\/","og_site_name":"Hareva Confort","article_modified_time":"2025-10-28T15:15:25+00:00","og_image":[{"url":"https:\/\/hareva-confort.com\/wp-content\/uploads\/elementor\/thumbs\/cache-moineaux-2-rbsv8lw9zpbvcu6zyvhhialqv1vl9tg2srq0qf27f8.jpg","type":"","width":"","height":""}],"twitter_card":"summary_large_image","twitter_misc":{"Dur\u00e9e de lecture estim\u00e9e":"1 minute"},"schema":{"@context":"https:\/\/schema.org","@graph":[{"@type":"WebPage","@id":"https:\/\/hareva-confort.com\/index.php\/nos-services\/toiture\/cache-moineaux\/","url":"https:\/\/hareva-confort.com\/index.php\/nos-services\/toiture\/cache-moineaux\/","name":"Cache-Moineaux - Hareva Confort","isPartOf":{"@id":"https:\/\/hareva-confort.com\/#website"},"primaryImageOfPage":{"@id":"https:\/\/hareva-confort.com\/index.php\/nos-services\/toiture\/cache-moineaux\/#primaryimage"},"image":{"@id":"https:\/\/hareva-confort.com\/index.php\/nos-services\/toiture\/cache-moineaux\/#primaryimage"},"thumbnailUrl":"https:\/\/hareva-confort.com\/wp-content\/uploads\/elementor\/thumbs\/cache-moineaux-2-rbsv8lw9zpbvcu6zyvhhialqv1vl9tg2srq0qf27f8.jpg","datePublished":"2025-09-15T16:21:42+00:00","dateModified":"2025-10-28T15:15:25+00:00","breadcrumb":{"@id":"https:\/\/hareva-confort.com\/index.php\/nos-services\/toiture\/cache-moineaux\/#breadcrumb"},"inLanguage":"fr-FR","potentialAction":[{"@type":"ReadAction","target":["https:\/\/hareva-confort.com\/index.php\/nos-services\/toiture\/cache-moineaux\/"]}]},{"@type":"ImageObject","inLanguage":"fr-FR","@id":"https:\/\/hareva-confort.com\/index.php\/nos-services\/toiture\/cache-moineaux\/#primaryimage","url":"https:\/\/hareva-confort.com\/wp-content\/uploads\/elementor\/thumbs\/cache-moineaux-2-rbsv8lw9zpbvcu6zyvhhialqv1vl9tg2srq0qf27f8.jpg","contentUrl":"https:\/\/hareva-confort.com\/wp-content\/uploads\/elementor\/thumbs\/cache-moineaux-2-rbsv8lw9zpbvcu6zyvhhialqv1vl9tg2srq0qf27f8.jpg"},{"@type":"BreadcrumbList","@id":"https:\/\/hareva-confort.com\/index.php\/nos-services\/toiture\/cache-moineaux\/#breadcrumb","itemListElement":[{"@type":"ListItem","position":1,"name":"Accueil","item":"https:\/\/hareva-confort.com\/"},{"@type":"ListItem","position":2,"name":"Priv\u00e9\u00a0: Nos services","item":"https:\/\/hareva-confort.com\/index.php\/nos-services\/"},{"@type":"ListItem","position":3,"name":"Toiture","item":"https:\/\/hareva-confort.com\/index.php\/nos-services\/toiture\/"},{"@type":"ListItem","position":4,"name":"Cache-Moineaux"}]},{"@type":"WebSite","@id":"https:\/\/hareva-confort.com\/#website","url":"https:\/\/hareva-confort.com\/","name":"Hareva Confort","description":"Vos projets prennent vie!","publisher":{"@id":"https:\/\/hareva-confort.com\/#organization"},"potentialAction":[{"@type":"SearchAction","target":{"@type":"EntryPoint","urlTemplate":"https:\/\/hareva-confort.com\/?s={search_term_string}"},"query-input":{"@type":"PropertyValueSpecification","valueRequired":true,"valueName":"search_term_string"}}],"inLanguage":"fr-FR"},{"@type":"Organization","@id":"https:\/\/hareva-confort.com\/#organization","name":"Hareva Confort","url":"https:\/\/hareva-confort.com\/","logo":{"@type":"ImageObject","inLanguage":"fr-FR","@id":"https:\/\/hareva-confort.com\/#\/schema\/logo\/image\/","url":"https:\/\/hareva-confort.com\/wp-content\/uploads\/2025\/05\/logo_hareva_-removebg-preview.png","contentUrl":"https:\/\/hareva-confort.com\/wp-content\/uploads\/2025\/05\/logo_hareva_-removebg-preview.png","width":185,"height":94,"caption":"Hareva Confort"},"image":{"@id":"https:\/\/hareva-confort.com\/#\/schema\/logo\/image\/"}}]}},"_links":{"self":[{"href":"https:\/\/hareva-confort.com\/index.php\/wp-json\/wp\/v2\/pages\/3263","targetHints":{"allow":["GET"]}}],"collection":[{"href":"https:\/\/hareva-confort.com\/index.php\/wp-json\/wp\/v2\/pages"}],"about":[{"href":"https:\/\/hareva-confort.com\/index.php\/wp-json\/wp\/v2\/types\/page"}],"author":[{"embeddable":true,"href":"https:\/\/hareva-confort.com\/index.php\/wp-json\/wp\/v2\/users\/1"}],"replies":[{"embeddable":true,"href":"https:\/\/hareva-confort.com\/index.php\/wp-json\/wp\/v2\/comments?post=3263"}],"version-history":[{"count":0,"href":"https:\/\/hareva-confort.com\/index.php\/wp-json\/wp\/v2\/pages\/3263\/revisions"}],"up":[{"embeddable":true,"href":"https:\/\/hareva-confort.com\/index.php\/wp-json\/wp\/v2\/pages\/456"}],"wp:attachment":[{"href":"https:\/\/hareva-confort.com\/index.php\/wp-json\/wp\/v2\/media?parent=3263"}],"curies":[{"name":"wp","href":"https:\/\/api.w.org\/{rel}","templated":true}]}}